{"id":961,"date":"2015-06-23T11:23:04","date_gmt":"2015-06-23T09:23:04","guid":{"rendered":"http:\/\/lag-sredisnjaistra.hr\/?page_id=961"},"modified":"2016-05-11T12:08:30","modified_gmt":"2016-05-11T10:08:30","slug":"opcina-sveti-lovrec","status":"publish","type":"page","link":"https:\/\/lag-sredisnjaistra.hr\/en\/podrucje-lag-a\/opcina-sveti-lovrec\/","title":{"rendered":"Municipality of Sveti Lovre\u010d"},"content":{"rendered":"<p><a href=\"http:\/\/lag-sredisnjaistra.hr\/wp-content\/uploads\/2015\/06\/80px-Sveti_Lovre\u010d_grb.gif\"><img loading=\"lazy\" decoding=\"async\" class=\" size-full wp-image-1201 alignleft\" src=\"http:\/\/lag-sredisnjaistra.hr\/wp-content\/uploads\/2015\/06\/80px-Sveti_Lovre\u010d_grb.gif\" alt=\"80px-Sveti_Lovre\u010d_(grb)\" width=\"80\" height=\"105\" \/><\/a>Municipality of Sveti Lovre\u010d was established in 1992, after the rearrangement of territorial administration. The name came from the patron saint, St. Laurent, so the Municipal holiday is August 10th. The town\u2019s placement on a mild uphill (elevation varies between 195 and 210 meters) that dominates the space of 22 settlements \u2013 villages and hamlets, speaks of its significant role in the past.<\/p>\n<p>&nbsp;<\/p>\n<p><strong>1.015 inhabitants, 54 km<sup>2<\/sup><\/strong><\/p>\n<p>According to the 2011 Census, Municipality\u2019s population is 1.015, and the area is 54 km2.<\/p>\n<p>&nbsp;<\/p>\n<p><a href=\"http:\/\/lag-sredisnjaistra.hr\/wp-content\/uploads\/2015\/06\/sv-Lovre\u010d.jpg\"><img loading=\"lazy\" decoding=\"async\" class=\"alignnone wp-image-1270\" src=\"http:\/\/lag-sredisnjaistra.hr\/wp-content\/uploads\/2015\/06\/sv-Lovre\u010d-300x200.jpg\" alt=\"sv Lovre\u010d\" width=\"602\" height=\"400\" srcset=\"https:\/\/lag-sredisnjaistra.hr\/wp-content\/uploads\/2015\/06\/sv-Lovre\u010d-300x200.jpg 300w, https:\/\/lag-sredisnjaistra.hr\/wp-content\/uploads\/2015\/06\/sv-Lovre\u010d.jpg 900w\" sizes=\"(max-width: 602px) 100vw, 602px\" \/><\/a><\/p>\n<p><strong>Medieval democracy in Sveti Lovre\u010d<\/strong><\/p>\n<p>The first mention of Sveti Lovre\u010d was on a map from 1030 as \u201ccastrum sancti Laurentii\u201d. In 1186, Sveti Lovre\u010d was already organized as a municipality (commune). It was the first organized rural municipality in Istria, and 4th municipality in entire Istria, after Trieste (1139), Pula (1145), and Koper (1182).<\/p>\n<p>The fortified town, castle Sveti Lovre\u010d voluntarily places itself under Venetian protection whose High Council accepts the protection over Sveti Lovre\u010d on November 25th, 1271 under the same conditions as for other towns: in the next two years the city will be ruled by a Podesta selected by the Doge. In order to supervise and to create a military link to the area, Venice created a special institution, the so called pazenatik, a Venetian country area. The head of this pazenatik is a Captain. Sveti Lovre\u010d becomes the seat for the Captain in 1304 and remains so until the seat was moved to Ra\u0161por near Buzet. The first Captain in Sveti Lovre\u010d was Pietro Zeno. Since Lovre\u010d was the seat of military power and directly under the rule of Venetian Senate with which it communicated direcly, the Town itself needed to be fortified, so the fortification system was built. Most of those still stand today. Within the town walls, the traditional administrative functions of the town were maintained, with many living areas along with a square, numerous shops and a small church. Since the walls of Sveti Lovre\u010d are oval in shape, the nearby buildings surround the town in the shape of a ring. Difficult living conditions, constant recruitments due to wars and illnesses, malaria and plague have resulted in a large depopulation of Lovre\u010d area so the immigration processes here will have the same form and dynamics as those in the coastal area of Istria. The situation in Lovre\u010d area is additionally more complicated by the vicinity of Pazin County in which Austria moved its undesirable citizens, especially the Uskoks after the Treaty of Madrid and the constant presence of defectors. The settlement will last until the end of 17th, and even into the 18th century, but those will be exclusively the defectors from the Pazin County with which the people of Lovre\u010d will be in conflict due to the constant invasions of defectors and brigands into Sveti Lovre\u010d territory.<\/p>\n<p>In order to improve their condition, the people from Lovre\u010d took an unprecedented measure &#8211; in the 16th century, they elected a new council of 10 members: 3 noblemen, 3 town\u2019s commoners and 4 representatives from Baderna and its area. This was a sort of general assembly of all strata of society and a democratic election that may well be a model for today. Lovre\u010d has thus secured a high level of autonomy that will, however, often clash with Venetian bureaucracy. The 18th century saw prosperity so the Podesta of Lovre\u010d was the second highest paid Podesta, after the Labin one, in Venetian Istria.<\/p>\n<p><a href=\"http:\/\/lag-sredisnjaistra.hr\/wp-content\/uploads\/2015\/06\/Sveti-Lovre\u010d.jpg\"><img loading=\"lazy\" decoding=\"async\" class=\"alignnone wp-image-1271 size-medium\" src=\"http:\/\/lag-sredisnjaistra.hr\/wp-content\/uploads\/2015\/06\/Sveti-Lovre\u010d-267x200.jpg\" alt=\"Sveti Lovre\u010d\" width=\"267\" height=\"200\" srcset=\"https:\/\/lag-sredisnjaistra.hr\/wp-content\/uploads\/2015\/06\/Sveti-Lovre\u010d-267x200.jpg 267w, https:\/\/lag-sredisnjaistra.hr\/wp-content\/uploads\/2015\/06\/Sveti-Lovre\u010d.jpg 800w\" sizes=\"(max-width: 267px) 100vw, 267px\" \/><\/a>\u00a0<a href=\"http:\/\/lag-sredisnjaistra.hr\/wp-content\/uploads\/2015\/06\/sveti_lovrec_vrata.jpg\"><img loading=\"lazy\" decoding=\"async\" class=\"alignnone wp-image-1275\" src=\"http:\/\/lag-sredisnjaistra.hr\/wp-content\/uploads\/2015\/06\/sveti_lovrec_vrata.jpg\" alt=\"OLYMPUS DIGITAL CAMERA\" width=\"267\" height=\"198\" \/><\/a><\/p>\n<p>&nbsp;<\/p>\n<p>&nbsp;<\/p>\n<p>&nbsp;<\/p>\n<p><strong>Natural treasure of Sveti Lovre\u010d<\/strong><\/p>\n<p>Along slightly indented coastline of west Istria, there are several deep bays, of which Limski zaljev is partially on Sveti Lovre\u010d territory. It presents a natural occurrence of great scientific and aesthetic value, it was proclaimed special marine reserve in 1964, and today it is a significant mussel farm.<\/p>\n<p><a href=\"http:\/\/lag-sredisnjaistra.hr\/wp-content\/uploads\/2015\/06\/Limski-zaljev.jpg\"><img loading=\"lazy\" decoding=\"async\" class=\"alignnone wp-image-1272\" src=\"http:\/\/lag-sredisnjaistra.hr\/wp-content\/uploads\/2015\/06\/Limski-zaljev-198x200.jpg\" alt=\"Limski zaljev\" width=\"297\" height=\"300\" srcset=\"https:\/\/lag-sredisnjaistra.hr\/wp-content\/uploads\/2015\/06\/Limski-zaljev-198x200.jpg 198w, https:\/\/lag-sredisnjaistra.hr\/wp-content\/uploads\/2015\/06\/Limski-zaljev.jpg 800w\" sizes=\"(max-width: 297px) 100vw, 297px\" \/><\/a><\/p>\n<p><a href=\"http:\/\/www.sveti-lovrec.hr\/\">http:\/\/www.sveti-lovrec.hr\/<\/a><\/p>","protected":false},"excerpt":{"rendered":"<p>Municipality of Sveti Lovre\u010d was established in 1992, after the rearrangement of territorial administration. The name came from the patron saint, St. Laurent, so the Municipal holiday is August 10th. The town\u2019s placement on a mild uphill (elevation varies between 195 and 210 meters) that dominates the space of 22 settlements \u2013 villages and hamlets, [&hellip;]<\/p>\n","protected":false},"author":2,"featured_media":0,"parent":118,"menu_order":0,"comment_status":"open","ping_status":"open","template":"template_podstranica.php","meta":{"_acf_changed":false,"footnotes":""},"acf":[],"_links":{"self":[{"href":"https:\/\/lag-sredisnjaistra.hr\/en\/wp-json\/wp\/v2\/pages\/961"}],"collection":[{"href":"https:\/\/lag-sredisnjaistra.hr\/en\/wp-json\/wp\/v2\/pages"}],"about":[{"href":"https:\/\/lag-sredisnjaistra.hr\/en\/wp-json\/wp\/v2\/types\/page"}],"author":[{"embeddable":true,"href":"https:\/\/lag-sredisnjaistra.hr\/en\/wp-json\/wp\/v2\/users\/2"}],"replies":[{"embeddable":true,"href":"https:\/\/lag-sredisnjaistra.hr\/en\/wp-json\/wp\/v2\/comments?post=961"}],"version-history":[{"count":11,"href":"https:\/\/lag-sredisnjaistra.hr\/en\/wp-json\/wp\/v2\/pages\/961\/revisions"}],"predecessor-version":[{"id":1827,"href":"https:\/\/lag-sredisnjaistra.hr\/en\/wp-json\/wp\/v2\/pages\/961\/revisions\/1827"}],"up":[{"embeddable":true,"href":"https:\/\/lag-sredisnjaistra.hr\/en\/wp-json\/wp\/v2\/pages\/118"}],"wp:attachment":[{"href":"https:\/\/lag-sredisnjaistra.hr\/en\/wp-json\/wp\/v2\/media?parent=961"}],"curies":[{"name":"wp","href":"https:\/\/api.w.org\/{rel}","templated":true}]}}

Municipality of Sveti Lovreč

<p><a href="http://lag-sredisnjaistra.hr/wp-content/uploads/2015/06/80px-Sveti_Lovreč_grb.gif"><img loading="lazy" decoding="async" class=" size-full wp-image-1201 alignleft" src="http://lag-sredisnjaistra.hr/wp-content/uploads/2015/06/80px-Sveti_Lovreč_grb.gif" alt="80px-Sveti_Lovreč_(grb)" width="80" height="105" /></a>Municipality of Sveti Lovreč was established in 1992, after the rearrangement of territorial administration. The name came from the patron saint, St. Laurent, so the Municipal holiday is August 10th. The town’s placement on a mild uphill (elevation varies between 195 and 210 meters) that dominates the space of 22 settlements – villages and hamlets, speaks of its significant role in the past.</p>
<p>&nbsp;</p>
<p><strong>1.015 inhabitants, 54 km<sup>2</sup></strong></p>
<p>According to the 2011 Census, Municipality’s population is 1.015, and the area is 54 km2.</p>
<p>&nbsp;</p>
<p><a href="http://lag-sredisnjaistra.hr/wp-content/uploads/2015/06/sv-Lovreč.jpg"><img loading="lazy" decoding="async" class="alignnone wp-image-1270" src="http://lag-sredisnjaistra.hr/wp-content/uploads/2015/06/sv-Lovreč-300x200.jpg" alt="sv Lovreč" width="602" height="400" srcset="https://lag-sredisnjaistra.hr/wp-content/uploads/2015/06/sv-Lovreč-300x200.jpg 300w, https://lag-sredisnjaistra.hr/wp-content/uploads/2015/06/sv-Lovreč.jpg 900w" sizes="(max-width: 602px) 100vw, 602px" /></a></p>
<p><strong>Medieval democracy in Sveti Lovreč</strong></p>
<p>The first mention of Sveti Lovreč was on a map from 1030 as “castrum sancti Laurentii”. In 1186, Sveti Lovreč was already organized as a municipality (commune). It was the first organized rural municipality in Istria, and 4th municipality in entire Istria, after Trieste (1139), Pula (1145), and Koper (1182).</p>
<p>The fortified town, castle Sveti Lovreč voluntarily places itself under Venetian protection whose High Council accepts the protection over Sveti Lovreč on November 25th, 1271 under the same conditions as for other towns: in the next two years the city will be ruled by a Podesta selected by the Doge. In order to supervise and to create a military link to the area, Venice created a special institution, the so called pazenatik, a Venetian country area. The head of this pazenatik is a Captain. Sveti Lovreč becomes the seat for the Captain in 1304 and remains so until the seat was moved to Rašpor near Buzet. The first Captain in Sveti Lovreč was Pietro Zeno. Since Lovreč was the seat of military power and directly under the rule of Venetian Senate with which it communicated direcly, the Town itself needed to be fortified, so the fortification system was built. Most of those still stand today. Within the town walls, the traditional administrative functions of the town were maintained, with many living areas along with a square, numerous shops and a small church. Since the walls of Sveti Lovreč are oval in shape, the nearby buildings surround the town in the shape of a ring. Difficult living conditions, constant recruitments due to wars and illnesses, malaria and plague have resulted in a large depopulation of Lovreč area so the immigration processes here will have the same form and dynamics as those in the coastal area of Istria. The situation in Lovreč area is additionally more complicated by the vicinity of Pazin County in which Austria moved its undesirable citizens, especially the Uskoks after the Treaty of Madrid and the constant presence of defectors. The settlement will last until the end of 17th, and even into the 18th century, but those will be exclusively the defectors from the Pazin County with which the people of Lovreč will be in conflict due to the constant invasions of defectors and brigands into Sveti Lovreč territory.</p>
<p>In order to improve their condition, the people from Lovreč took an unprecedented measure &#8211; in the 16th century, they elected a new council of 10 members: 3 noblemen, 3 town’s commoners and 4 representatives from Baderna and its area. This was a sort of general assembly of all strata of society and a democratic election that may well be a model for today. Lovreč has thus secured a high level of autonomy that will, however, often clash with Venetian bureaucracy. The 18th century saw prosperity so the Podesta of Lovreč was the second highest paid Podesta, after the Labin one, in Venetian Istria.</p>
<p><a href="http://lag-sredisnjaistra.hr/wp-content/uploads/2015/06/Sveti-Lovreč.jpg"><img loading="lazy" decoding="async" class="alignnone wp-image-1271 size-medium" src="http://lag-sredisnjaistra.hr/wp-content/uploads/2015/06/Sveti-Lovreč-267x200.jpg" alt="Sveti Lovreč" width="267" height="200" srcset="https://lag-sredisnjaistra.hr/wp-content/uploads/2015/06/Sveti-Lovreč-267x200.jpg 267w, https://lag-sredisnjaistra.hr/wp-content/uploads/2015/06/Sveti-Lovreč.jpg 800w" sizes="(max-width: 267px) 100vw, 267px" /></a> <a href="http://lag-sredisnjaistra.hr/wp-content/uploads/2015/06/sveti_lovrec_vrata.jpg"><img loading="lazy" decoding="async" class="alignnone wp-image-1275" src="http://lag-sredisnjaistra.hr/wp-content/uploads/2015/06/sveti_lovrec_vrata.jpg" alt="OLYMPUS DIGITAL CAMERA" width="267" height="198" /></a></p>
<p>&nbsp;</p>
<p>&nbsp;</p>
<p>&nbsp;</p>
<p><strong>Natural treasure of Sveti Lovreč</strong></p>
<p>Along slightly indented coastline of west Istria, there are several deep bays, of which Limski zaljev is partially on Sveti Lovreč territory. It presents a natural occurrence of great scientific and aesthetic value, it was proclaimed special marine reserve in 1964, and today it is a significant mussel farm.</p>
<p><a href="http://lag-sredisnjaistra.hr/wp-content/uploads/2015/06/Limski-zaljev.jpg"><img loading="lazy" decoding="async" class="alignnone wp-image-1272" src="http://lag-sredisnjaistra.hr/wp-content/uploads/2015/06/Limski-zaljev-198x200.jpg" alt="Limski zaljev" width="297" height="300" srcset="https://lag-sredisnjaistra.hr/wp-content/uploads/2015/06/Limski-zaljev-198x200.jpg 198w, https://lag-sredisnjaistra.hr/wp-content/uploads/2015/06/Limski-zaljev.jpg 800w" sizes="(max-width: 297px) 100vw, 297px" /></a></p>
<p><a href="http://www.sveti-lovrec.hr/">http://www.sveti-lovrec.hr/</a></p>

<p>Municipality of Sveti Lovreč was established in 1992, after the rearrangement of territorial administration. The name came from the patron saint, St. Laurent, so the Municipal holiday is August 10th. The town’s placement on a mild uphill (elevation varies between 195 and 210 meters) that dominates the space of 22 settlements – villages and hamlets, [&hellip;]</p>
