{"id":130,"date":"2013-09-12T13:09:06","date_gmt":"2013-09-12T13:09:06","guid":{"rendered":"http:\/\/lag-sredisnjaistra.hr\/?page_id=130"},"modified":"2016-05-11T12:21:14","modified_gmt":"2016-05-11T10:21:14","slug":"opcina-tinjan","status":"publish","type":"page","link":"https:\/\/lag-sredisnjaistra.hr\/en\/podrucje-lag-a\/opcina-tinjan\/","title":{"rendered":"Municipality of Tinjan"},"content":{"rendered":"<p><a href=\"http:\/\/lag-sredisnjaistra.hr\/wp-content\/uploads\/2013\/09\/tinjan_grb.gif\"><img loading=\"lazy\" decoding=\"async\" class=\" size-full wp-image-1203 alignleft\" src=\"http:\/\/lag-sredisnjaistra.hr\/wp-content\/uploads\/2013\/09\/tinjan_grb.gif\" alt=\"tinjan_grb\" width=\"110\" height=\"148\" \/><\/a>Small town, once surrounded by ramparts and towers, today is a charming place where tradition and history are proudly presented. It is positioned over evergreen Draga (valley), the beauty of which one can enjoy from a viewpoint beneath the old hackberry trees while sitting on stone seats.<\/p>\n<h3><\/h3>\n<h3>1.684 inhabitants, 53,94 km\u00b2<\/h3>\n<p>Municipality of Tinjan\u2019s area is 53,94 km\u00b2, and according to the 2011 Census it has 1.684 inhabitants.<\/p>\n<p><iframe loading=\"lazy\" src=\"https:\/\/www.google.com\/maps\/ms?msa=0&amp;msid=218282544747356232523.0004e687721d497e4f4ea&amp;ie=UTF8&amp;t=m&amp;ll=45.207199,13.815308&amp;spn=0.193509,0.411301&amp;z=11&amp;output=embed\" width=\"600\" height=\"400\" frameborder=\"0\" marginwidth=\"0\" marginheight=\"0\" scrolling=\"no\"><\/iframe><\/p>\n<h3>Preserved heritage and tradition of old times<\/h3>\n<p><img loading=\"lazy\" decoding=\"async\" class=\"alignleft size-medium wp-image-224\" src=\"http:\/\/lag-sredisnjaistra.hr\/wp-content\/uploads\/2013\/09\/73953_100557613350096_7011108_n_facebook-300x225.jpg\" alt=\"73953_100557613350096_7011108_n_facebook\" width=\"300\" height=\"225\" srcset=\"https:\/\/lag-sredisnjaistra.hr\/wp-content\/uploads\/2013\/09\/73953_100557613350096_7011108_n_facebook-300x225.jpg 300w, https:\/\/lag-sredisnjaistra.hr\/wp-content\/uploads\/2013\/09\/73953_100557613350096_7011108_n_facebook.jpg 720w\" sizes=\"(max-width: 300px) 100vw, 300px\" \/>In Roman era, Tinjan was named Attinianum and it protected the borders of Pore\u010d ager and supervised the road to Tarsatica. It reached full glory in medieval times. From 1374 until Napoleon took reign over Istria, the Tinjan fort protected the border of Pazin County towards the Venetians for its owners, the Habsburgs. From 1578 onwards, Tinjan is no longer a fort and it is called a town. Medieval local authority, with \u017eupan as the head, made decisions on all important matters. The \u017eupan was elected in a very unique way: at the \u017eupan\u2019s table \u2013 the stone table that still exists under the hackberry tree. All the candidates would sit around the table and put their long beards on it. Then they would put a flea in a hole at the center of the table and wait to see in whose beard the flea would jump. The person the flea \u201cselected\u201d would become the \u017eupan.<br \/>\nOld town center remained the same since the middle ages. The oldest house, now renovated, dates back to 1442, and symbols on the houses like hedge bills, proudly present occupations that the former owners held. The stories of Attila\u2019s head at the gates of the 16th century house, the \u017eupan\u2019s table, kidnapping of Tinjan women and forced marriages with the kidnappers are still being told to today\u2019s generations. Old crafts, customs and games are carefully preserved, giving us insight into times past. The festival of blacksmiths gathers the best Istrian blacksmiths and presents skills and tools perfected over centuries.<\/p>\n<h3>Municipality of Istrian prosciutto and dry stone walls<\/h3>\n<p><img loading=\"lazy\" decoding=\"async\" class=\"alignright size-full wp-image-225\" src=\"http:\/\/lag-sredisnjaistra.hr\/wp-content\/uploads\/2013\/09\/16.jpg\" alt=\"16\" width=\"293\" height=\"172\" \/>Named the Municipality of the Istrian prosciutto, Tinjan organizes, in October of every year the ISAP \u2013 International fair of prosciutto. This world-famous exquisite gastronomic delicacy, has a recipe protected at the EU level (PDO\/PGI)<\/p>\n<p>With the aim of preserving the construction heritage, Municipality of Tinjan started an action of protection of Istrian dry stone wall. The project \u201cEuropean dray stone wall\u201d is designed in a way to renovate the existing dry stone wall from Kringa to Tinjan (4 km). Every stone inserted receives a number, and its \u201cbuilder\u201d receives a certificate to confirm that they built the dry stone wall. For recreational purposes, a cycling and walking trail was also built along the wall.<\/p>\n<p><a href=\"http:\/\/tinjan.hr\/\">http:\/\/tinjan.hr\/<\/a><\/p>\n<p>&nbsp;<\/p>","protected":false},"excerpt":{"rendered":"<p>Small town, once surrounded by ramparts and towers, today is a charming place where tradition and history are proudly presented. It is positioned over evergreen Draga (valley), the beauty of which one can enjoy from a viewpoint beneath the old hackberry trees while sitting on stone seats. 1.684 inhabitants, 53,94 km\u00b2 Municipality of Tinjan\u2019s area [&hellip;]<\/p>\n","protected":false},"author":1,"featured_media":0,"parent":118,"menu_order":0,"comment_status":"open","ping_status":"closed","template":"template_podstranica.php","meta":{"_acf_changed":false,"footnotes":""},"acf":[],"_links":{"self":[{"href":"https:\/\/lag-sredisnjaistra.hr\/en\/wp-json\/wp\/v2\/pages\/130"}],"collection":[{"href":"https:\/\/lag-sredisnjaistra.hr\/en\/wp-json\/wp\/v2\/pages"}],"about":[{"href":"https:\/\/lag-sredisnjaistra.hr\/en\/wp-json\/wp\/v2\/types\/page"}],"author":[{"embeddable":true,"href":"https:\/\/lag-sredisnjaistra.hr\/en\/wp-json\/wp\/v2\/users\/1"}],"replies":[{"embeddable":true,"href":"https:\/\/lag-sredisnjaistra.hr\/en\/wp-json\/wp\/v2\/comments?post=130"}],"version-history":[{"count":10,"href":"https:\/\/lag-sredisnjaistra.hr\/en\/wp-json\/wp\/v2\/pages\/130\/revisions"}],"predecessor-version":[{"id":1828,"href":"https:\/\/lag-sredisnjaistra.hr\/en\/wp-json\/wp\/v2\/pages\/130\/revisions\/1828"}],"up":[{"embeddable":true,"href":"https:\/\/lag-sredisnjaistra.hr\/en\/wp-json\/wp\/v2\/pages\/118"}],"wp:attachment":[{"href":"https:\/\/lag-sredisnjaistra.hr\/en\/wp-json\/wp\/v2\/media?parent=130"}],"curies":[{"name":"wp","href":"https:\/\/api.w.org\/{rel}","templated":true}]}}

<p><a href="http://lag-sredisnjaistra.hr/wp-content/uploads/2013/09/tinjan_grb.gif"><img loading="lazy" decoding="async" class=" size-full wp-image-1203 alignleft" src="http://lag-sredisnjaistra.hr/wp-content/uploads/2013/09/tinjan_grb.gif" alt="tinjan_grb" width="110" height="148" /></a>Small town, once surrounded by ramparts and towers, today is a charming place where tradition and history are proudly presented. It is positioned over evergreen Draga (valley), the beauty of which one can enjoy from a viewpoint beneath the old hackberry trees while sitting on stone seats.</p>
<h3></h3>
<h3>1.684 inhabitants, 53,94 km²</h3>
<p>Municipality of Tinjan’s area is 53,94 km², and according to the 2011 Census it has 1.684 inhabitants.</p>
<p><iframe loading="lazy" src="https://www.google.com/maps/ms?msa=0&amp;msid=218282544747356232523.0004e687721d497e4f4ea&amp;ie=UTF8&amp;t=m&amp;ll=45.207199,13.815308&amp;spn=0.193509,0.411301&amp;z=11&amp;output=embed" width="600" height="400" frameborder="0" marginwidth="0" marginheight="0" scrolling="no"></iframe></p>
<h3>Preserved heritage and tradition of old times</h3>
<p><img loading="lazy" decoding="async" class="alignleft size-medium wp-image-224" src="http://lag-sredisnjaistra.hr/wp-content/uploads/2013/09/73953_100557613350096_7011108_n_facebook-300x225.jpg" alt="73953_100557613350096_7011108_n_facebook" width="300" height="225" srcset="https://lag-sredisnjaistra.hr/wp-content/uploads/2013/09/73953_100557613350096_7011108_n_facebook-300x225.jpg 300w, https://lag-sredisnjaistra.hr/wp-content/uploads/2013/09/73953_100557613350096_7011108_n_facebook.jpg 720w" sizes="(max-width: 300px) 100vw, 300px" />In Roman era, Tinjan was named Attinianum and it protected the borders of Poreč ager and supervised the road to Tarsatica. It reached full glory in medieval times. From 1374 until Napoleon took reign over Istria, the Tinjan fort protected the border of Pazin County towards the Venetians for its owners, the Habsburgs. From 1578 onwards, Tinjan is no longer a fort and it is called a town. Medieval local authority, with župan as the head, made decisions on all important matters. The župan was elected in a very unique way: at the župan’s table – the stone table that still exists under the hackberry tree. All the candidates would sit around the table and put their long beards on it. Then they would put a flea in a hole at the center of the table and wait to see in whose beard the flea would jump. The person the flea “selected” would become the župan.<br />
Old town center remained the same since the middle ages. The oldest house, now renovated, dates back to 1442, and symbols on the houses like hedge bills, proudly present occupations that the former owners held. The stories of Attila’s head at the gates of the 16th century house, the župan’s table, kidnapping of Tinjan women and forced marriages with the kidnappers are still being told to today’s generations. Old crafts, customs and games are carefully preserved, giving us insight into times past. The festival of blacksmiths gathers the best Istrian blacksmiths and presents skills and tools perfected over centuries.</p>
<h3>Municipality of Istrian prosciutto and dry stone walls</h3>
<p><img loading="lazy" decoding="async" class="alignright size-full wp-image-225" src="http://lag-sredisnjaistra.hr/wp-content/uploads/2013/09/16.jpg" alt="16" width="293" height="172" />Named the Municipality of the Istrian prosciutto, Tinjan organizes, in October of every year the ISAP – International fair of prosciutto. This world-famous exquisite gastronomic delicacy, has a recipe protected at the EU level (PDO/PGI)</p>
<p>With the aim of preserving the construction heritage, Municipality of Tinjan started an action of protection of Istrian dry stone wall. The project “European dray stone wall” is designed in a way to renovate the existing dry stone wall from Kringa to Tinjan (4 km). Every stone inserted receives a number, and its “builder” receives a certificate to confirm that they built the dry stone wall. For recreational purposes, a cycling and walking trail was also built along the wall.</p>
<p><a href="http://tinjan.hr/">http://tinjan.hr/</a></p>
<p>&nbsp;</p>
